emainder when a(-12) is divided by 34?
22
Let l = -37 + 42. Suppose -3*x - a = -2*a - 32, l*a = 2*x - 43. What is the remainder when 35 is divided by x?
8
Suppose 136*l - 125*l - 33 = 0. What is the remainder when 12 is divided by l?
0
Let o(s) = 5*s - 5. Let f = -17 + 40. What is the remainder when o(10) is divided by f?
22
Let p(s) = -2*s - 17. Let q be p(-5). Let c = q - -16. Suppose 5*f - 69 = 3*m, -5*f - 3*m = m - 83. Calculate the remainder when f is divided by c.
6
Let o(x) = 64*x - 86. Calculate the remainder when 210 is divided by o(3).
104
Suppose -216 - 26 = -3*h + k, 3*k = 4*h - 316. What is the remainder when 226 is divided by h?
62
Let a(o) = 5 + 4*o - 4*o + 5 + o. Let x be a(-12). What is the remainder when (0/x)/(-2) - -30 is divided by 8?
6
Let n = 21 - 33. Let l be 16/4*(-3)/n. What is the remainder when 47 is divided by ((-8)/l)/((-42)/63)?
11
Suppose -6*g + 12*g = -6. What is the remainder when (g + (-28)/(-8))*66 is divided by 14?
11
Let m = -362 + 454. What is the remainder when 268 is divided by m?
84
Suppose 3*j - 3*o - 24 - 57 = 0, -o + 27 = j. Calculate the remainder when 184 is divided by j.
22
Let b = -176 + 118. Suppose 3*z = -4 + 1, 4*s + 2*z - 90 = 0. Let i = s - b. What is the remainder when i is divided by 21?
18
Suppose c = 3*c + 4. Let r = 20 + -9. What is the remainder when 285/10 + (-3)/c is divided by r?
8
Suppose 7*n - 222 = 261. Calculate the remainder when n is divided by (-300)/(-21) - (-4)/(-14).
13
Let x be -3*(2/2 - 7). Suppose -5*m - 3 = -x. Suppose d + 6*y - 4*y - 2 = 0, -y = 2. Calculate the remainder when d is divided by m.
0
Suppose 3*a + 7 = 3*x + 4, -4*x - 5*a = -31. Suppose 40 = o + x*o. Let y = 25 - 4. Calculate the remainder when y is divided by o.
5
Suppose 40866 = -79*t + 93*t. What is the remainder when t is divided by 40?
39
Suppose 4*m - 8*m + 168 = 2*x, -3*x + 3*m = -216. Calculate the remainder when 453 is divided by x.
73
Suppose -919 = -4*n - 0*n + 3*w, 4*n + 5*w - 911 = 0. Calculate the remainder when n is divided by 29.
26
Let k(d) = 18*d**2 + 24*d + 9. Calculate the remainder when k(-4) is divided by 16.
9
Let t be 170/7 - 12/42. Let o = t + -16. Calculate the remainder when 3 is divided by 3*(-1 + o/6).
0
Let f be (-36)/((-4)/(48/9)). Calculate the remainder when (-30)/45*f/(2 + -4) is divided by 6.
4
Let i(j) = 3*j**2 - 5*j - 111. What is the remainder when i(-8) is divided by -3 + 27 + 1 + 0?
21
Suppose -290 = 4*i - 14. Let j = i + 95. Suppose -28 = p - 5*p. What is the remainder when j is divided by p?
5
Let a be (0/1)/(-2)*-1. Suppose -4*g + 3*m + 53 = 0, -3*g + 2*m = -a*g - 40. Suppose 32*r - 1368 = -1208. Calculate the remainder when g is divided by r.
4
Calculate the remainder when 106 is divided by ((-10830)/(-20))/19 + 12/(-8).
25
Let k(a) = -2*a + 22. Let h be k(8). What is the remainder when 72 is divided by 51/3 + h/(-2) + 1?
12
Let w(t) be the second derivative of -t**4/12 + 13*t**3/6 + 6*t**2 + 12*t. Calculate the remainder when w(10) is divided by 15.
12
Let f(m) = -4*m - 4. Suppose 4*w + 9 = -2*s + 3*s, -4*s = 4*w + 24. What is the remainder when 22 is divided by f(w)?
6
Let g = -107 - -124. What is the remainder when 39 is divided by g?
5
Let k(z) = -z + 44. What is the remainder when k(15) is divided by 19?
10
Let x = 54 + -24. Let j = x - 28. Let b = j + 1. What is the remainder when 5 is divided by b?
2
Suppose 3*y - 171 + 96 = 0. Calculate the remainder when 172 is divided by y.
22
Let t be -3 + (-20)/((-8)/2). Suppose 5*v + 2*n = 4*v + 34, -t*v + 5*n + 95 = 0. What is the remainder when v is divided by 21?
19
Let j = -24 - -46. Let o = -11 - -20. Suppose 0 = o*v - 8*v - 12. What is the remainder when j is divided by v?
10
Suppose -187 = 18*s - 7*s. What is the remainder when 96 is divided by (-4)/(-4) - (s - -4)?
12
Suppose 0 = -5*f + 25, 2*f + 161 = 3*n + 30. Calculate the remainder when n is divided by 17.
13
Suppose -5*b = -5*t - 0 + 5, -9 = -3*b. Suppose k - t*r = -2*r + 78, -3*r = 2*k - 163. What is the remainder when k is divided by (3*2*5/(-40))/((-12)/432)?
26
Let v = 392 - 374. What is the remainder when 26 is divided by v?
8
Let x = 10 + -6. Suppose 0 = -x*o + o + 111. Let u = o - 22. What is the remainder when 29 is divided by u?
14
Let o(q) = -q**3 + 5*q - 5. Suppose 18 = 3*y - 2*x - x, x - 6 = -5*y. Let s be o(y). Calculate the remainder when s/2 + 27/2 is divided by 8.
4
Let c(d) = d**3 - 5*d**2 + d + 1. Let q be c(2). Let y(m) = -m**3 - 7*m**2 + 5*m - 10. What is the remainder when y(q) is divided by 22?
19
Let z = 36 + -113. Suppose -11*t + 9*t + 272 = -4*y, -5*t + 641 = 3*y. Let j = t + z. Calculate the remainder when j is divided by 28.
25
Let i(x) = -35*x + 9. Let q be i(-1). Calculate the remainder when q - ((-3)/9*0)/(-4) is divided by 12.
8
Let s be (-2)/(-4)*(4 - -30). Suppose -5*h - 43 = -i - i, 2*h - s = -3*i. What is the remainder when i is divided by (9/(-2))/(12/(-16))?
3
Suppose -3*l + 15 = -u + 36, -5*u + l + 35 = 0. Suppose -u*y - 28 = -10*y. Calculate the remainder when -3*4/12 + 19 is divided by y.
4
Suppose -4*u - 2*s = -12, u + 4*s - 9 = 5*s. Suppose 3*r - 5 = z, -z = -u*r - 3*z + 23. Calculate the remainder when 34 is divided by r.
1
Suppose 374 = u + 3*u - x, -5*u + 467 = -x. Calculate the remainder when u is divided by 19.
17
Let i(o) = -12*o + 68. What is the remainder when 1455 is divided by i(-3)?
103
Suppose 0 = 4*z - 2*b - 458, 0 = -5*z - b - 3*b + 553. Calculate the remainder when z is divided by 38.
37
Let q = -269 - -175. Let p = q + 142. What is the remainder when p is divided by (-4)/6*(-51)/2?
14
Suppose 31*c = -k + 33*c + 42, 4*k + 3*c = 113. What is the remainder when 111 is divided by k?
15
Let j = -16 + 27. Let d(y) = y**3 - y**2 - 1. Suppose 0 = 5*m - 16 + 6. Calculate the remainder when j is divided by d(m).
2
Let m = -806 + 1739. Calculate the remainder when m is divided by 67.
62
Suppose 2*b + 2*d - 314 = -2*d, 4*b = 5*d + 654. What is the remainder when b is divided by 27*(2/1 - 1)?
26
Let n = 10 - -4. Let f = n + -10. Calculate the remainder when (-71)/(-2) + (-2)/f is divided by 18.
17
Suppose m = 2*y + 11 + 7, -95 = -5*m + 5*y. Calculate the remainder when 174/(-2)*(-4)/6 is divided by m.
18
What is the remainder when ((-324)/(-3)*1 + -2)/2 is divided by 14?
11
Let x = 34 + -4. Let s = -31 + -4. What is the remainder when x is divided by s/(-3) + (-4)/6?
8
Suppose 0 = -4*j + y + 1327, -72*j - 3*y - 1317 = -76*j. What is the remainder when j is divided by 56?
53
Suppose 1756 = 4*g + 2*y, -11*y = -2*g - 13*y + 878. What is the remainder when g is divided by 88?
87
Let o(b) = 16*b - 1. Let n be (-5)/((-3)/(-6)*-1). Suppose -s - 4 = 0, -4*a = 2*s - 70 - n. What is the remainder when o(4) is divided by a?
19
Suppose 0*m + 2 = 5*j + 2*m, -3*j - 3*m - 6 = 0. Let x(c) = c**2 - c + 36. Let a be x(0). What is the remainder when 49 is divided by j/(-3) + 492/a?
10
Let a = -177 - -74. Let m = -90 - a. What is the remainder when 19 is divided by m?
6
Let c = 125 + -88. Let j = 55 - c. Let t(n) = n + 52. Calculate the remainder when t(0) is divided by j.
16
Let t(i) = 3*i + 133. What is the remainder when 909 is divided by t(-38)?
16
Let d = -190 + 222. Calculate the remainder when 125 is divided by d.
29
Let i be ((-2)/(-6))/(3/1161). Suppose -5*v - s = 2*s - 199, 5*s - i = -3*v. Calculate the remainder when v is divided by 10.
8
Let g(t) = 5*t**2 - 20 - t + 18 + 0*t**2. Let w be g(-1). Suppose -2*a + 78 = 2*z, w*a - 46 = -2*z + 26. Calculate the remainder when z is divided by 9.
6
Suppose -2046 - 1958 = -22*a. What is the remainder when a is divided by 37?
34
Suppose 4*i + 3*q = 43, 3*i - 2*q - 3*q + 4 = 0. Suppose 0 = i*y - 5*y - 10. What is the remainder when 7 is divided by y?
2
Suppose -3*u - 14 - 7 = 0. Suppose 25 = -5*o, -2*o - 6 = 2*x + 10. Let y = x - u. What is the remainder when 8 is divided by y?
0
Let w = -71 - -34. What is the remainder when 109 is divided by w*(2 - 2 - 1)?
35
Suppose 0 = 4*v - 4*l + 68, -2*v + 0*l = 2*l + 50. Let t = 104 - 66. What is the remainder when t is divided by (4 + v/9)*6?
8
Let t(n) = 9*n + 7. Let s be 2 + 5/(-1) + 8. Let m be t(s). Suppose 0 = r + r - m. What is the remainder when 76 is divided by r?
24
Suppose 3*z - 123 = -3*d, 66 - 271 = -5*d + 4*z. Calculate